{"id":5,"date":"2022-09-18T11:08:47","date_gmt":"2022-09-18T11:08:47","guid":{"rendered":"https:\/\/www.azek.sk\/?page_id=5"},"modified":"2022-09-25T20:45:50","modified_gmt":"2022-09-25T20:45:50","slug":"kontakt","status":"publish","type":"page","link":"https:\/\/www.azek.sk\/","title":{"rendered":"Kontakt"},"content":{"rendered":"\n<div class=\"wp-container-7 wp-block-columns\">\n<div class=\"wp-container-6 wp-block-column\" style=\"flex-basis:100%\">\n<div class=\"wp-container-5 wp-block-columns\">\n<div class=\"wp-container-4 wp-block-column\" style=\"flex-basis:100%\">\n<div class=\"wp-container-3 wp-block-columns\">\n<div class=\"wp-container-1 wp-block-column\">\n<p>Sme modernou zubnou technikou, kde kladieme d\u00f4raz na technologick\u00fd pokrok a po\u017eiadavky dne\u0161nej doby, no nezab\u00fadame ani na osved\u010den\u00e9 konven\u010dn\u00e9 postupy. Na\u0161\u00edmi prioritami s\u00fa kvalitn\u00e1 pr\u00e1ca, dochv\u00ed\u013enos\u0165 a priate\u013esk\u00e1 komunik\u00e1cia.<br><br>Zavolajte n\u00e1m a priprav\u00edme pre V\u00e1s prezent\u00e1ciu na\u0161ich v\u00fdrobkov a uvid\u00edte ako prebiehaj\u00fa jednotliv\u00e9 v\u00fdrobn\u00e9 procesy. Zhotovujeme cel\u00e9 spektrum v\u00fdrobkov, nevyn\u00edmaj\u00fac sn\u00edmate\u013en\u00fa protetiku, pr\u00e1ce na z\u00e1suvn\u00fdch spojoch a v\u0161etky druhy fixn\u00fdch pr\u00e1c (zirk\u00f3n anatomick\u00fd i dovrstven\u00fd konven\u010dnou keramikou, l\u00edtium-disilik\u00e1tov\u00fa keramiku e.max, metalokeramiku i ekonomick\u00e9 rie\u0161enia z vysokoodolnej lisovanej PMMA \u017eivice).<\/p>\n<\/div>\n\n\n\n<div class=\"wp-container-2 wp-block-column\">\n<p class=\"has-white-color has-black-background-color has-text-color has-background\"><strong>ZUBN\u00c1 TECHNIKA AZEK s.r.o.<\/strong><br>P. O. Hviezdoslava 140\/7<br>071 01 Michalovce<br><br>Tel. \u010d. 0911 206 106<br>0905 605 900<br>056\/ 6283138<br><br>mail: azekzt@gmail.com<br>web: www.azek.sk<\/p>\n\n\n\n<p class=\"has-white-color has-cyan-bluish-gray-background-color has-text-color has-background\">Sme V\u00e1m k dispoz\u00edcii:<br>Pondelok &#8211; Piatok od 7.30 &#8211; do 16.00 hod<br>Sobota &#8211; Nedela &#8211; Zatvoren\u00e9 (Po telefonickej dohode)<\/p>\n<\/div>\n<\/div>\n<\/div>\n<\/div>\n<\/div>\n<\/div>\n","protected":false},"excerpt":{"rendered":"<p>Sme modernou zubnou technikou, kde kladieme d\u00f4raz na technologick\u00fd pokrok a po\u017eiadavky dne\u0161nej doby, no nezab\u00fadame ani na osved\u010den\u00e9 konven\u010dn\u00e9 postupy. Na\u0161\u00edmi prioritami s\u00fa kvalitn\u00e1&hellip;<\/p>\n","protected":false},"author":1,"featured_media":0,"parent":0,"menu_order":0,"comment_status":"closed","ping_status":"closed","template":"","meta":{"_monsterinsights_skip_tracking":false,"_monsterinsights_sitenote_active":false,"_monsterinsights_sitenote_note":"","_monsterinsights_sitenote_category":0},"yoast_head":"<!-- This site is optimized with the Yoast SEO plugin v19.6.1 - https:\/\/yoast.com\/wordpress\/plugins\/seo\/ -->\n<title>Kontakt - Zubn\u00e1 technika Azek<\/title>\n<meta name=\"robots\" content=\"index, follow, max-snippet:-1, max-image-preview:large, max-video-preview:-1\" \/>\n<link rel=\"canonical\" href=\"https:\/\/www.azek.sk\/\" \/>\n<meta property=\"og:locale\" content=\"sk_SK\" \/>\n<meta property=\"og:type\" content=\"article\" \/>\n<meta property=\"og:title\" content=\"Kontakt - Zubn\u00e1 technika Azek\" \/>\n<meta property=\"og:description\" content=\"Sme modernou zubnou technikou, kde kladieme d\u00f4raz na technologick\u00fd pokrok a po\u017eiadavky dne\u0161nej doby, no nezab\u00fadame ani na osved\u010den\u00e9 konven\u010dn\u00e9 postupy. Na\u0161\u00edmi prioritami s\u00fa kvalitn\u00e1&hellip;\" \/>\n<meta property=\"og:url\" content=\"https:\/\/www.azek.sk\/\" \/>\n<meta property=\"og:site_name\" content=\"Zubn\u00e1 technika Azek\" \/>\n<meta property=\"article:modified_time\" content=\"2022-09-25T20:45:50+00:00\" \/>\n<meta name=\"twitter:card\" content=\"summary_large_image\" \/>\n<meta name=\"twitter:label1\" content=\"Predpokladan\u00fd \u010das \u010d\u00edtania\" \/>\n\t<meta name=\"twitter:data1\" content=\"1 min\u00fata\" \/>\n<script type=\"application\/ld+json\" class=\"yoast-schema-graph\">{\"@context\":\"https:\/\/schema.org\",\"@graph\":[{\"@type\":\"WebPage\",\"@id\":\"https:\/\/www.azek.sk\/\",\"url\":\"https:\/\/www.azek.sk\/\",\"name\":\"Kontakt - Zubn\u00e1 technika Azek\",\"isPartOf\":{\"@id\":\"https:\/\/www.azek.sk\/#website\"},\"datePublished\":\"2022-09-18T11:08:47+00:00\",\"dateModified\":\"2022-09-25T20:45:50+00:00\",\"breadcrumb\":{\"@id\":\"https:\/\/www.azek.sk\/#breadcrumb\"},\"inLanguage\":\"sk-SK\",\"potentialAction\":[{\"@type\":\"ReadAction\",\"target\":[\"https:\/\/www.azek.sk\/\"]}]},{\"@type\":\"BreadcrumbList\",\"@id\":\"https:\/\/www.azek.sk\/#breadcrumb\",\"itemListElement\":[{\"@type\":\"ListItem\",\"position\":1,\"name\":\"Home\",\"item\":\"https:\/\/www.azek.sk\/\"},{\"@type\":\"ListItem\",\"position\":2,\"name\":\"Kontakt\"}]},{\"@type\":\"WebSite\",\"@id\":\"https:\/\/www.azek.sk\/#website\",\"url\":\"https:\/\/www.azek.sk\/\",\"name\":\"Zubn\u00e1 technika Azek\",\"description\":\"\",\"publisher\":{\"@id\":\"https:\/\/www.azek.sk\/#organization\"},\"potentialAction\":[{\"@type\":\"SearchAction\",\"target\":{\"@type\":\"EntryPoint\",\"urlTemplate\":\"https:\/\/www.azek.sk\/?s={search_term_string}\"},\"query-input\":\"required name=search_term_string\"}],\"inLanguage\":\"sk-SK\"},{\"@type\":\"Organization\",\"@id\":\"https:\/\/www.azek.sk\/#organization\",\"name\":\"Zubn\u00e1 technika Azek\",\"url\":\"https:\/\/www.azek.sk\/\",\"sameAs\":[],\"logo\":{\"@type\":\"ImageObject\",\"inLanguage\":\"sk-SK\",\"@id\":\"https:\/\/www.azek.sk\/#\/schema\/logo\/image\/\",\"url\":\"https:\/\/www.azek.sk\/wp-content\/uploads\/2022\/09\/logo.png\",\"contentUrl\":\"https:\/\/www.azek.sk\/wp-content\/uploads\/2022\/09\/logo.png\",\"width\":440,\"height\":236,\"caption\":\"Zubn\u00e1 technika Azek\"},\"image\":{\"@id\":\"https:\/\/www.azek.sk\/#\/schema\/logo\/image\/\"}}]}<\/script>\n<!-- \/ Yoast SEO plugin. -->","yoast_head_json":{"title":"Kontakt - Zubn\u00e1 technika Azek","robots":{"index":"index","follow":"follow","max-snippet":"max-snippet:-1","max-image-preview":"max-image-preview:large","max-video-preview":"max-video-preview:-1"},"canonical":"https:\/\/www.azek.sk\/","og_locale":"sk_SK","og_type":"article","og_title":"Kontakt - Zubn\u00e1 technika Azek","og_description":"Sme modernou zubnou technikou, kde kladieme d\u00f4raz na technologick\u00fd pokrok a po\u017eiadavky dne\u0161nej doby, no nezab\u00fadame ani na osved\u010den\u00e9 konven\u010dn\u00e9 postupy. Na\u0161\u00edmi prioritami s\u00fa kvalitn\u00e1&hellip;","og_url":"https:\/\/www.azek.sk\/","og_site_name":"Zubn\u00e1 technika Azek","article_modified_time":"2022-09-25T20:45:50+00:00","twitter_card":"summary_large_image","twitter_misc":{"Predpokladan\u00fd \u010das \u010d\u00edtania":"1 min\u00fata"},"schema":{"@context":"https:\/\/schema.org","@graph":[{"@type":"WebPage","@id":"https:\/\/www.azek.sk\/","url":"https:\/\/www.azek.sk\/","name":"Kontakt - Zubn\u00e1 technika Azek","isPartOf":{"@id":"https:\/\/www.azek.sk\/#website"},"datePublished":"2022-09-18T11:08:47+00:00","dateModified":"2022-09-25T20:45:50+00:00","breadcrumb":{"@id":"https:\/\/www.azek.sk\/#breadcrumb"},"inLanguage":"sk-SK","potentialAction":[{"@type":"ReadAction","target":["https:\/\/www.azek.sk\/"]}]},{"@type":"BreadcrumbList","@id":"https:\/\/www.azek.sk\/#breadcrumb","itemListElement":[{"@type":"ListItem","position":1,"name":"Home","item":"https:\/\/www.azek.sk\/"},{"@type":"ListItem","position":2,"name":"Kontakt"}]},{"@type":"WebSite","@id":"https:\/\/www.azek.sk\/#website","url":"https:\/\/www.azek.sk\/","name":"Zubn\u00e1 technika Azek","description":"","publisher":{"@id":"https:\/\/www.azek.sk\/#organization"},"potentialAction":[{"@type":"SearchAction","target":{"@type":"EntryPoint","urlTemplate":"https:\/\/www.azek.sk\/?s={search_term_string}"},"query-input":"required name=search_term_string"}],"inLanguage":"sk-SK"},{"@type":"Organization","@id":"https:\/\/www.azek.sk\/#organization","name":"Zubn\u00e1 technika Azek","url":"https:\/\/www.azek.sk\/","sameAs":[],"logo":{"@type":"ImageObject","inLanguage":"sk-SK","@id":"https:\/\/www.azek.sk\/#\/schema\/logo\/image\/","url":"https:\/\/www.azek.sk\/wp-content\/uploads\/2022\/09\/logo.png","contentUrl":"https:\/\/www.azek.sk\/wp-content\/uploads\/2022\/09\/logo.png","width":440,"height":236,"caption":"Zubn\u00e1 technika Azek"},"image":{"@id":"https:\/\/www.azek.sk\/#\/schema\/logo\/image\/"}}]}},"_links":{"self":[{"href":"https:\/\/www.azek.sk\/index.php?rest_route=\/wp\/v2\/pages\/5"}],"collection":[{"href":"https:\/\/www.azek.sk\/index.php?rest_route=\/wp\/v2\/pages"}],"about":[{"href":"https:\/\/www.azek.sk\/index.php?rest_route=\/wp\/v2\/types\/page"}],"author":[{"embeddable":true,"href":"https:\/\/www.azek.sk\/index.php?rest_route=\/wp\/v2\/users\/1"}],"replies":[{"embeddable":true,"href":"https:\/\/www.azek.sk\/index.php?rest_route=%2Fwp%2Fv2%2Fcomments&post=5"}],"version-history":[{"count":5,"href":"https:\/\/www.azek.sk\/index.php?rest_route=\/wp\/v2\/pages\/5\/revisions"}],"predecessor-version":[{"id":68,"href":"https:\/\/www.azek.sk\/index.php?rest_route=\/wp\/v2\/pages\/5\/revisions\/68"}],"wp:attachment":[{"href":"https:\/\/www.azek.sk\/index.php?rest_route=%2Fwp%2Fv2%2Fmedia&parent=5"}],"curies":[{"name":"wp","href":"https:\/\/api.w.org\/{rel}","templated":true}]}}